**2 + 3*g. Calculate t(2).
9
Let h be ((-9)/18)/(11/88). Let u(m) = m + 2. Let j(a) = 1. Suppose 3*s = -4*f, -4*f - 3*s - 3 = f. Let g(c) = f*j(c) + 3*u(c). Calculate g(h).
-9
Let i(k) be the second derivative of k**5/20 + k**4/4 - k**3/3 - k**2/2 - 12479*k. Let m(c) = c**3 - c**2 - 2*c + 2. Let y be m(2). Calculate i(y).
15
Let g(p) = -4*p - 7. Let s(b) = 94*b - 8. Let y be s(2). Suppose 0*q + y = 5*q. Let a = q - 41. What is g(a)?
13
Let a(h) = 10*h + 42. Let f be a(-4). Let k(b) = -151*b**3 - 9*b + 7*b**f + 150*b**3 - 2 + 4*b. Let n = -4 + 10. Calculate k(n).
4
Let j = -21 + 22. Let f be 0 + 14 + (-24)/6. Let n(o) = -o + 2*o**3 - 3*o**2 - 9*o + f*o + j. Give n(2).
5
Let x be 7*(-6)/(-15) + 28/(-35). Let i(c) = 4*c**2 - 5*c + 4. Calculate i(x).
10
Let f be 8 - (36/(-12) - (-2 + -5)). Let c(m) = m**3 - 3*m**2 + m + 8. What is c(f)?
28
Let d = 5 + -5. Let y(m) = 11 - m**3 + m + 5*m**2 + d*m - 2*m**2 - 2*m**2. Suppose -x + 9*x = 4*x. Give y(x).
11
Let d(f) = -f**3 + 15*f**2 + 4*f + 9. Let u = 9379 - 9364. Calculate d(u).
69
Let j(n) = 52*n + 5613. Let l be j(-108). Let f(y) = 1 - 2 + y - 1. Determine f(l).
-5
Let l(v) = v**2 + 3*v + 7. Suppose 12*i - 42 = 9*i. Suppose -7*d + 21 = -i. Suppose w - 4*t + 21 = 0, -d*w - 3*t - 21 = -2*t. Calculate l(w).
17
Let s(j) be the second derivative of 3*j**5/20 + 7*j**4/6 + 7*j**3/6 - 9*j**2/2 + 534*j. Determine s(-4).
-5
Let d(b) be the third derivative of -54*b**2 + 0*b + 1/6*b**4 - 1/120*b**6 - 1/30*b**5 + 0 + 1/3*b**3. Give d(-3).
-1
Let f = 1483 - 1500. Let o(r) = -r**3 - 15*r**2 + 37*r + 55. Determine o(f).
4
Let j(n) = 2*n**3 - 6*n**2 - 5*n + 17. Let p be j(3). Let k(w) = 3*w + 56*w**2 - w - 57*w**2 + p. Suppose 5*h - 4*x - 17 = 0, -3*x + 1 + 0 = -h. Give k(h).
-13
Let z(w) = -4*w - 4. Let i = 43 + -47. Let y be i/42 - 1926/(-378). What is z(y)?
-24
Suppose 1470*u = 1483*u + 78. Let g(r) = 16*r + 11. What is g(u)?
-85
Let u(w) be the first derivative of w**4/4 + 5*w**3/3 - 2*w**2 + 5*w - 731. Determine u(-6).
-7
Let l(v) = -v**3 - 13*v**2 - 15*v - 2. Let j(q) = -q**3 - 7*q**2 + 333*q + 54. Let b be j(-22). Calculate l(b).
34
Let s(j) = -12082*j - 121 + 12065*j + 136. What is s(-7)?
134
Let f(o) = -1098*o**2 + 24*o + 1097*o**2 + 9 + 31 - 7*o. Calculate f(18).
22
Let u(d) = 26*d - 137. Let f = 6105 - 6100. What is u(f)?
-7
Let q(l) be the second derivative of -3/4*l**4 + 0 + 1/20*l**5 + 51*l - 1/6*l**3 + 11/2*l**2. Determine q(9).
2
Let b(y) = -y - 9. Suppose 5*v - 10 = -c, 7*v + c + 8 = 11*v. Let r be (-3 + v)*(0 + -1)*-5. Determine b(r).
-4
Let x(g) be the second derivative of g**3/6 + 3*g**2/2 + 48*g + 3. Suppose 5*s + 32 = s. Determine x(s).
-5
Let d(h) = -2*h**3 + 2*h**2 + 3*h + 4. Let b be (-3*(-20)/(-6))/((-40)/20). Suppose 2*j - 4*j + 5*v = 19, -b*j + 2*v + 5 = 0. Determine d(j).
-23
Let i(k) = -k**3 + 3*k**2 + 4*k - 8. Let f be (11 - 11) + 3 + 1 + -1. What is i(f)?
4
Let v(c) = -11*c**2 - 8*c - 3. Let s(k) = -9*k**2 - 7*k - 3. Let i(f) = -6*s(f) + 5*v(f). Let r be 9/(-4) - (-3)/12. Let p be (5 + 0)/(r/(-2)). Determine i(p).
-12
Let q(f) be the third derivative of -f**6/120 - 19*f**5/60 + 19*f**4/24 - 16*f**3/3 + 62*f**2. Determine q(-20).
-12
Let z be -144*-2*(-65)/30. Let m be z/14 + 12/21. Let h be 2/(-4) - m/(-8). Let v(f) = f**3 + 6*f**2 - 2*f - 9. Calculate v(h).
3
Let c(n) be the first derivative of -n**4/4 + 7*n**3/3 + 4*n**2 + 2*n + 1. Suppose 22*b = -5*f + 21*b + 31, -5*f = 4*b - 4. What is c(f)?
2
Let c(o) = 28363*o + 99 - 14183*o - 14175*o. Calculate c(-20).
-1
Let q(p) = -p**2 - 6*p + 9. Suppose 10*r = 5*j + 6*r - 85, -4*r = 3*j - 51. Suppose j*w + 56 = 9*w. Determine q(w).
2
Let y(z) = z**3 - 35*z**2 - 161*z + 197. Let v be y(39). Let q(i) = 2*i**3 + i**2 - 2*i + 1. Let s(d) = d**2. Let t(p) = -q(p) + 3*s(p). Calculate t(v).
-5
Suppose 0 = 1018*q - 1054*q. Let s(t) be the third derivative of q*t + 1/8*t**4 + 0 + 19*t**2 - 2/3*t**3. Calculate s(4).
8
Let u(c) = 4*c**3 + 2*c**2 - 1. Suppose 0 = -4*g + 8, o - 5*o = 5*g - 26. Suppose o*x + 2*m - 60 = 2, -1 = -m. Suppose 0 = x*d + 12 + 3. Give u(d).
-3
Suppose 2*t + 92 = 98. Suppose -18 + 3 = -5*l, 0 = t*h + l. Let p be 14/(-4) - (-2)/(-4) - h. Let y(q) = -q**2 + q + 3. What is y(p)?
-9
Let t = -4 - -3. Let a(v) be the second derivative of 2*v**5/5 - v**2/2 - v - 960. Give a(t).
-9
Let m(a) = -3*a**3 + 10*a**2 + 3*a - 11. Let p(i) = 5*i**3 - 19*i**2 - 6*i + 21. Let z(l) = 7*m(l) + 4*p(l). Let t be ((-315)/126)/(3/(-6) + 1). Give z(t).
-3
Suppose -448 + 468 = 20*t. Let y(d) = 27*d. Calculate y(t).
27
Let o = -6431/2 + 3219. Let b(r) be the first derivative of -o*r**2 + 0*r - 8/3*r**3 - 1/4*r**4 + 30. Calculate b(-7).
0
Let g(f) = -11*f - 83. Let t(i) = 12*i + 69. Let l(d) = -5*g(d) - 6*t(d). Determine l(2).
-33
Let s(o) = -58*o**2 - 554*o + 93. Let t(w) = 14*w**2 + 133*w - 23. Let k(x) = 6*s(x) + 25*t(x). Calculate k(5).
38
Let z(v) = 75*v - 9744. Let d be z(130). Let r(u) = -1 + u**2 - 2*u + 6 + 3. What is r(d)?
32
Let c be 112/(-14)*10/8*-1. Let d(w) = 17*w - 41. Let x(m) = -6*m + 16. Let s(l) = 3*d(l) + 8*x(l). Give s(c).
35
Let q(g) = -g**3 - 46*g**2 + 94*g - 97. Let z be q(-48). Let a(s) = 75*s - 1. What is a(z)?
-76
Let c(n) = n - 12. Let i = 33 + 6. Suppose 0 = 3*x + 4*w - 133, 0 = -x - w + 5*w + i. Let t = x + -38. What is c(t)?
-7
Suppose 35 = 5*l + 2*x + 2*x, 2*x = 10. Let w(r) be the third derivative of 1/60*r**5 + 12*r**2 - 1/6*r**l - 5/24*r**4 + 0 + 0*r. Calculate w(6).
5
Let j(y) be the first derivative of 3*y**4/2 - y**3/3 - 2*y + 402. Determine j(2).
42
Let c(y) = 9*y - 119. Let p be 9 + -13*48/(-156). What is c(p)?
-2
Let k(p) be the second derivative of -4*p**3/3 - 34*p**2 - 837*p. Calculate k(-7).
-12
Let n(a) = a**3 + 2*a**2 - 3*a - 3. Let b(d) be the third derivative of -d**4 + 7*d**3/2 + 148*d**2. Let q be b(1). Calculate n(q).
-3
Let w(f) be the second derivative of -f**5/20 + 5*f**4/2 - 11*f**3/3 - 193*f**2/2 - 11065*f. Give w(29).
10
Suppose 79*c - 290 = 74*c. Let r be c/7 + 12/(-42). Let f(o) = 4*o**3 + 4*o**2 + o - r*o**3 + 3*o**3. Determine f(4).
4
Let t(m) = m - 35. Let z be ((-2)/((-24)/20))/(10/108). Give t(z).
-17
Let u(k) = 3*k + 11. Let m(a) = 8*a + 32. Suppose -3*r = -2*r - 4. Let o(j) = r*m(j) - 11*u(j). Let t be (-54)/45 - 792/(-110). Determine o(t).
1
Let x(k) = 8*k - 129. Suppose 0 = -p - 8, -69*p + 73*p = 2*f - 62. Determine x(f).
-9
Let y(g) = -24*g**2 - 35*g - 15. Let p(a) = -11*a**2 - 17*a - 6. Let l(i) = 13*p(i) - 6*y(i). Determine l(11).
12
Let i = 74 + -75. Let t(r) = 8*r**2 - 2*r - 3. Let v(k) = 7*k**2 - k - 2. Let g(q) = 3*t(q) - 4*v(q). What is g(i)?
-3
Let g = 1221 + -1218. Let p(a) be the third derivative of 1/24*a**4 + 26*a**2 + 2/3*a**g + 0 + 0*a. What is p(-6)?
-2
Let q(s) = 21230*s - 4 + 21238*s - 63699*s + 21233*s. Determine q(-9).
-22
Let i(z) = 3*z**2 + 3*z + 8. Let x(r) = 4*r**2 + 2*r + 9. Let o(n) = 3*i(n) - 2*x(n). Let f be (-21)/28*19/57*16. Calculate o(f).
2
Let o(l) = 3*l**2 + 0*l**2 - 15 - 5*l**2 + l**2 - 7*l. Let a be ((-18)/4)/(45/60). Let g be o(a). Let k(u) = u**3 + 9*u**2 + 7. Calculate k(g).
7
Let h(g) = -4*g - 1. Let t(b) = b**2 + 27*b - 28. Let p be t(-28). Let w(s) = 2 - s**3 - s**2 + s**2 - s. Let x be w(p). Give h(x).
-9
Let r(n) be the third derivative of -n**6/30 + n**5/60 + n**4/8 - n**3/2 - 13*n**2 - 14*n. Suppose 3*j - 5 = -2*c + 11, -4*j = -c - 3. What is r(j)?
-25
Let d(w) = w**3 - 5*w**2 + 3*w - 7. Let j be d(5). Let b(a) = -21 + j + 6 + 9. Let x(t) = t**2 - 5. Let y(i) = 5*b(i) + 2*x(i). Determine y(1).
2
Let w = -529 - -530. Let d(g) = 3 - 26*g - w + 11*g + 12*g + 4. What is d(5)?
-9
Let i(d) = d**2 + 6*d - 12. Let z be i(-8). Let l(p) = -2*p - 6 - 7 - 10 + 16 + z*p. Let s be (1/2)/((-2)/(-24)). Determine l(s).
5
Suppose 4*l = -2 + 22. Let f(x) = -4*x**2 - 1 + x**2 - x**2 - x**3 - 6*x + 10*x**2. Determine f(l).
-6
Let f(l) = 3*l + 4. Let z(w) = -19*w - 21. Let m(s) = -4*f(s) - z(s). Determine m(-3).
-16
Let y(v) = v**3 + v**2 - v + 3. Let u be y(3). Let w be 31 + 9/6*(-22)/(-33). Let j = w - u. Let n(z) = -z**2 - 4*z - 3. Calculate n(j).
-3
Let l(q) = -34*q - 219. Let i be l(-6). Let b(o) = o**3 + 16*o**2 + 16*o + 23. Let m be b(i). Let x(c) = 2*c - 16. Give x(m).
0
Let w(n) = 10*n**2 - 31*n - 18. Let h(u) = 21*u - 3*u**2 + 21*u + 9 - 32*u - 3. Let